 -3*t + 27. Calculate m(8).
3
Let j(h) = h**2 - 11*h + 11. Determine j(1).
1
Let x(y) = -2*y**3 + 3*y**2 + 6*y - 9. Calculate x(5).
-154
Let y(d) = -6*d + 2. Give y(-1).
8
Let x(o) = 9*o - 5. Determine x(4).
31
Let q(k) = -k**2 + 12*k + 23. Calculate q(14).
-5
Let w(u) = -3*u**2 + 4*u + 3. What is w(-4)?
-61
Let r(z) = -z**3 - 12*z**2 + 7. What is r(-12)?
7
Let l(f) = 4*f + 4. Give l(1).
8
Let r(a) = 7*a**2 + a - 2. What is r(1)?
6
Let v(o) = -7*o**3 - o**2 + 2. Calculate v(2).
-58
Let a(q) = -q - 37. Give a(-7).
-30
Let q(o) = 4*o - 7. Give q(7).
21
Let a(c) = 9*c**2 - c + 2. Calculate a(-2).
40
Let p(k) = -k**2 + 11*k - 6. Calculate p(9).
12
Let l(z) = 6*z**2 + 2*z + 3. Calculate l(4).
107
Let u(x) = x**2 + x - 18. Determine u(-7).
24
Let o(g) = -g**3 + 7*g**2 - 2*g + 8. Calculate o(7).
-6
Let a(g) = -27*g - 104. Determine a(-4).
4
Let q(x) = -x**3 - 14*x**2 - 14*x + 14. Give q(-13).
27
Let l(z) = -z**3 - 21*z**2 + 24*z + 19. Give l(-22).
-25
Let h(s) = -s**3 - 5*s**2 - 7*s - 5. Calculate h(-4).
7
Let u(p) = 6*p**2 - 58*p - 20. What is u(10)?
0
Let h(w) = -6*w + 12. Calculate h(3).
-6
Let m(b) = b**3 - 11*b**2 + 8*b + 22. Determine m(10).
2
Let g(d) = -19*d + 24. Calculate g(3).
-33
Let f(k) = -2*k**2 + 9*k - 8. Calculate f(7).
-43
Let v(o) = o**3 - 6*o**2 - 8*o - 6. What is v(7)?
-13
Let i(z) = z**3 + 15*z**2 + 10*z + 12. Determine i(-14).
68
Let l(d) = -2*d**2 + 4*d + 129. Give l(-7).
3
Let r(s) = s**2 - 47*s - 62. Calculate r(48).
-14
Let w(g) = -2*g + 21. Calculate w(7).
7
Let k(c) = -27*c - 159. Calculate k(-6).
3
Let i(a) = -a**2 - 19*a + 19. Give i(-20).
-1
Let k(i) = -4*i**2 + i - 2. What is k(-2)?
-20
Let c(r) = r**3 + 3*r**2 + 2. Determine c(-3).
2
Let a(d) = -d**3 + 23*d**2 - 22*d + 24. What is a(22)?
24
Let q(v) = v**2 + v - 1. Give q(-1).
-1
Let w(s) = -3*s - 38. What is w(-9)?
-11
Let j(g) = 2*g**3 + 29*g**2 - 22*g - 37. Give j(-15).
68
Let u(h) = -h**3 - h**2 - 1. Give u(0).
-1
Let t(c) = -c**3 - 2*c**2 + 30*c + 32. What is t(-6)?
-4
Let q(g) = 2*g**3 + 3*g - 3. What is q(1)?
2
Let x(h) = h**3 - 8*h**2 + 8*h + 4. Calculate x(7).
11
Let a(w) = -w**3 - 6*w**2 + 4*w + 3. Calculate a(3).
-66
Let g(f) = f**2 - 24*f + 19. Calculate g(10).
-121
Let f(y) = -2*y**2 - 80*y + 80. What is f(-41)?
-2
Let x(a) = -a**2 - 10*a - 4. Calculate x(-7).
17
Let h(t) = -t**3 - 2*t**2 + 9*t + 2. Calculate h(-4).
-2
Let w(r) = -3*r**2 - 42*r - 131. Determine w(-5).
4
Let q(b) = -12*b + 265. What is q(21)?
13
Let s(d) = d**2 - 8*d. Give s(4).
-16
Let z(o) = -o**2 + 14*o + 61. Give z(-4).
-11
Let o(v) = -2*v**2 + 14*v + 16. Determine o(7).
16
Let a(b) = -31*b - 123. Give a(-4).
1
Let k(r) = 4*r - 136. Give k(23).
-44
Let j(z) = -z**3 + z - 1. What is j(0)?
-1
Let q(h) = h**2 + h. Calculate q(3).
12
Let f(v) = -v**2 + 17*v + 19. Give f(18).
1
Let a(q) = -q**2 - q + 144. Calculate a(12).
-12
Let x(r) = r**3 + 4*r**2 + r - 1. What is x(-5)?
-31
Let d(m) = -6*m - 21. What is d(-12)?
51
Let o(l) = 3*l**2 - 2*l - 11. What is o(-2)?
5
Let c(p) = p**3 - 8*p**2 - 9*p - 5. What is c(9)?
-5
Let g(s) = s + 19. Determine g(-6).
13
Let k(y) = -9*y + 173. Give k(20).
-7
Let q(g) = g**2 + 9*g - 53. Determine q(-15).
37
Let s(i) = -2*i - 25. Calculate s(-10).
-5
Let z(g) = -g**3 - 10*g**2 + 12*g + 5. What is z(-11)?
-6
Let g(r) = -2*r + 62. Calculate g(26).
10
Let u(y) = -y**2 + 8*y. Give u(4).
16
Let c(v) = v**2 + 16*v - 29. Determine c(-18).
7
Let i(f) = f**2 - 40*f + 113. Give i(3).
2
Let u(l) = l**3 + 9*l**2 + 6*l + 3. Calculate u(-8).
19
Let o(k) = -2*k**3 - k**2 - 11*k - 14. Give o(-2).
20
Let i(g) = -g**3 + 2*g + 1. What is i(-2)?
5
Let q(o) = o**2 + 6*o + 10. What is q(-5)?
5
Let d(t) = 4*t - 33. What is d(17)?
35
Let z(j) = -2*j**2 + 6*j - 8. Determine z(3).
-8
Let p(y) = y**3 - 9*y**2 + 7*y + 15. Give p(8).
7
Let s(m) = m**3 + 18*m**2 + 55*m - 16. Give s(-14).
-2
Let g(m) = -m**3 - 4*m**2 + m - 2. What is g(-5)?
18
Let r(b) = 15*b**2 - 4*b + 14. What is r(3)?
137
Let u(l) = -4*l**2 - 5*l - 6. What is u(-3)?
-27
Let n(v) = v**2 - 8*v - 9. Calculate n(7).
-16
Let s(n) = 2*n**2 + 25*n - 9. Determine s(-13).
4
Let s(d) = -d**3 + 8*d**2 - 5. Determine s(8).
-5
Let b(o) = -5*o**2 + 21*o - 18. What is b(4)?
-14
Let w(g) = -2*g**3 + g**2 + 4*g + 2. Give w(-1).
1
Let i(j) = j**2 + 9*j + 12. Determine i(-10).
22
Let a(l) = l**3 + 7*l**2 - 10*l - 9. Calculate a(-7).
61
Let i(g) = 5*g - 20. Determine i(0).
-20
Let v(c) = c**3 - 7*c**2 - 10*c + 4. Calculate v(9).
76
Let y(p) = 16*p + 110. What is y(-17)?
-162
Let n(w) = w**3 - 9*w**2 + 4*w + 26. What is n(8)?
-6
Let x(j) = j**2 + 8*j - 1. Calculate x(-6).
-13
Let d(w) = w**3 + 9*w**2 - 7*w + 13. What is d(-9)?
76
Let m(a) = 3*a + 29. Determine m(-30).
-61
Let f(j) = -j**3 + 11*j**2 - 10*j - 14. Calculate f(10).
-14
Let k(o) = o**2 - 8*o + 1. Give k(6).
-11
Let b(h) = 4*h**3 + 13*h**2 - 9*h - 22. What is b(-4)?
-34
Let p(q) = -q**2 - 14*q + 45. What is p(-17)?
-6
Let a(h) = -h**2 + 9*h + 19. What is a(12)?
-17
Let n(d) = d**3 + 23*d**2 + 43*d + 18. Give n(-21).
-3
Let l(u) = -7*u + 41. Calculate l(12).
-43
Let r(g) = 4*g + 16. Give r(-7).
-12
Let g(t) = 8*t**2 + 77*t - 16. Determine g(-10).
14
Let c(d) = -10*d - 113. Give c(-11).
-3
Let k(j) = j**2 + 4*j + 10. Give k(-5).
15
Let w(p) = -3*p**2 - 16*p - 3. Give w(-5).
2
Let y(j) = -j**3 - 63*j**2 + 131*j + 55. Determine y(-65).
-10
Let o(i) = i**3 + 28*i**2 - 62*i - 47. Determine o(-30).
13
Let y(n) = -n**3 + 4*n**2 + 3*n - 7. What is y(5)?
-17
Let s(q) = -q**2 - 12*q - 13. What is s(-10)?
7
Let r(u) = 3*u**3 + 2*u**2 - u + 1. What is r(2)?
31
Let x(c) = c**2 + 12*c - 7. Give x(-11).
-18
Let n(j) = j**2 - 9*j + 13. Give n(9).
13
Let j(h) = -11*h + 43. Give j(8).
-45
Let x(l) = -11*l + 1. Determine x(-2).
23
Let s(c) = c**2 + 16*c - 7. Give s(-15).
-22
Let t(c) = 3*c. What is t(-10)?
-30
Let p(l) = -5*l**2 - 3*l - 3. Give p(3).
-57
Let x(h) = 11*h + 17. Calculate x(-2).
-5
Let w(t) = t**3 - 5*t**2 - 13*t + 3. Give w(7).
10
Let s(c) = -2*c**3 + 14*c**2 - 12*c + 14. What is s(6)?
14
Let i(n) = -5*n + 96. Give i(9).
51
Let j(l) = -2*l**2 + 24*l + 9. Give j(12).
9
Let o(g) = g**2 + 31*g - 62. Determine o(-33).
4
Let l(o) = o**3 + 2*o**2 - 3*o - 15. Determine l(-4).
-35
Let c(x) = x**3 + 32*x**2 + 29*x - 67. Calculate c(-31).
-5
Let s(w) = -w**3 - 14*w**2 + 15*w - 30. Calculate s(-14).
-240
Let x(k) = 7*k + 16. Determine x(-4).
-12
Let t(d) = -3*d - 1. Give t(-1).
2
Let z(i) = -i**2 + 18*i + 50. Give z(21).
-13
Let u(x) = x**3 + 27*x**2 + 3*x + 74. What is u(-27)?
-7
Let f(a) = 7*a + 2. What is f(2)?
16
Let k(l) = -36*l**2 + 6*l. Give k(1).
-30
Let o(u) = u**2 - 20. Give o(-5).
5
Let r(i) = -5*i + 7. What is r(-5)?
32
Let a(m) = m**3 + 9*m**2 - 8*m + 3. Give a(-10).
-17
Let p(g) = -7*g + 65. What is p(14)?
-33
Let l(d) = -d**3 - 7*d**2 + 6*d + 3. Determine l(-8).
19
Let w(l) = 9*l + 91. Determine w(-11).
-8
Let k(n) = 8*n. Give k(0).
0
Let y(l) = 5*l**3 - l**2 + l - 1. Calculate y(1).
4
Let a(g) = -g**3 + 2*g**2 + 2*g. Determine a(2).
4
Let d(m) = 17*m - 5. Calculate d(1).
12
Let s(k) = -10*k + 130. What is s(14)?
-10
Let a(y) = y**2 + 4*y - 99. Determine a(-12).
-3
Let t(q) = -5*q - 18. What is t(-9)?
27
Let y(o) = o**2 + 4*o - 7. Give y(-6).
5
Let c(y) = -3*y**2 + 37*y - 134. Calculate c(5).
-24
Let i(c) = 2*c**2 - 19*c - 10. Calculate i(7).
-45
Let y(x) = x**2 - 8*x - 15. What is y(-8)?
113
Let i(x) = -x**3 - 8*x**2 - 5*x + 12. What is i(-7)?
-2
Let c(v) = 11*v + 86. Calculate c(-8).
-2
Let y(s) = -12*s - 13. Give y(-5).
47
Let y(q) = -q**3 + 8*q**2 - 4. Give y(8).
-4
Let q(u) = 8*u**3 + 2*u**2 - u - 1. What is q(-1)?
-6
Let t(r) = r**2 + 20*r - 49. Calculate t(-22).
-5
Let i(l) = -l + 7. Calculate i(-4).
11
Let g(j) = j**2 + 11*j + 23. Give g(-6).
-7
Let n(c) = c**3 - 2*c**2 + 15. Calculate n(0).
15
Let l(m) = m**3 - 11*m**2 - 3*m + 4. Calculate l(11).
-29
Let o(s) = 12*s - 139. Determine o(12).
5
Let d(t) = t**3 + 22*t**2 + 29*t + 157. Determine d(-21).
-11
Let b(q) = 2*q**2 + 4*q + 19. Calculate b(-6).
67
Let c(f) = 10*f + 420. Determine c(-43).
-10
Let c(h) = -5*h**3 - 4*h**2 + 4. Give c(1).
-5
Let s(t) = t**3 + 11*t**2 - 14*t - 4. Give s(-12).
20
Let i(b) = 5*b + 1. What is i(-5)?
-24
Let v(f) = 3*f - 11. What is v(3)?
-2
Let u(q) = -q**3 + 2*q + 1. What is u(-1)?
0
L